 -2).
0
Evaluate 2 + (-5 + -1 - (0 - -1)).
-5
Calculate 6 + -8 + (1 - 2).
-3
What is 4 + (0 - -1) + -11 - -3?
-3
Evaluate -6 + (-3 - -7) + -8 - -6.
-4
Evaluate -1 + -2 + 2 + 42 + -39.
2
0 + 0 + 22 + -25
-3
(1 + 3 - 3) + 0 + 3
4
Calculate 9 + -7 + 1 + (-3 - -5).
5
(-1 - 1) + 26 + -21
3
Calculate (2 - (-1 + -2)) + -1.
4
-3 + (-7 - 8) + 11
-7
Evaluate -6 - -11 - (7 - 1) - -5.
4
Calculate (7 - -2) + -4 + -24 + 19.
0
What is 12 + -32 + 13 - 2?
-9
7 + -10 + 8 + -8
-3
Evaluate 25 + -21 + (-3 - (3 - 0)).
-2
Evaluate 8 + 11 + (-17 - -7).
9
0 + (-5 - 0) + 8 + -1
2
(-5 - 4) + 11 - (4 + 0)
-2
Evaluate -9 + 10 + (2 - (1 + 1)).
1
Evaluate (-2 + -2 - -1) + -1 - -4.
0
What is the value of 0 + 0 - (0 - 0)?
0
What is the value of (1 + 7 + -2 - 6) + -4?
-4
Calculate -5 + -2 + 6 - -6.
5
Calculate -100 + 110 - (1 + 1 + 4).
4
Evaluate -4 - (-3 + -1 + 1) - -2.
1
What is 0 + (-1 + (-2 - -5) - 2)?
0
Calculate (0 - (5 - (7 - 3))) + 9.
8
Calculate 6 + (2 - 0) + -5 - 10.
-7
What is the value of -5 + 7 + (-23 - -19)?
-2
Calculate 4 + -2 - (3 + 1).
-2
What is (-1 - 1) + 0 + 7?
5
What is -1 + -1 + 4 + 5 + -5?
2
Calculate -4 - 0 - (4 - (-4 - -12)).
0
21 + -24 + 0 + 3 + 3
3
What is -1 + 2 + (2 + 0 - 1)?
2
Calculate -6 + 5 + 3 + -5.
-3
What is the value of -5 + -6 + 8 + (2 - 1)?
-2
What is (1 - -1 - 4) + 4?
2
Evaluate -1 + (0 - 0) - (-2 + -4).
5
What is 3 + -2 + -2 - -4?
3
-1 - (2 + (1 - (-4 - -5)))
-3
Calculate 1 + -3 - (-2 + (-5 - 0)).
5
-4 + 7 - 8 - -1
-4
What is the value of -1 - (3 + (-4 - 5))?
5
7 + 7 + (-1 - -3) + -6
10
What is the value of -3 - (-2 - (0 - -5))?
4
Evaluate -6 + 6 + (0 + -1 - -2).
1
What is 8 + -3 + (-3 - 5)?
-3
Calculate -1 - (-1 - (8 - 5)).
3
Calculate (0 - -1) + 8 - (8 + -4).
5
What is -1 - (1 + (-1 - (5 + -2)))?
2
Calculate (2 - 4) + 2 + 1 + 0.
1
Calculate -7 + (3 - (-4 + 3)).
-3
What is the value of 12 - 6 - ((-5 - 0) + 7)?
4
-9 + (6 - (1 + -6 + 8))
-6
-16 + 14 + -3 + 0
-5
Calculate 1 + 3 + 0 + (-5 - -6).
5
-10 - (2 - -5) - -12
-5
What is 9 - 11 - (1 + -1)?
-2
Evaluate 19 - 20 - (3 + -9).
5
Calculate (-1 - 3) + (25 - 8) + -12.
1
What is -7 - -2 - (-13 - -5)?
3
4 - (-1 + (-1 - -2) - 0)
4
Evaluate (-2 + -1 - (18 + -18)) + 9.
6
What is the value of (-5 - 2) + 3 - -7?
3
What is the value of 2 - 0 - (-12 + 7) - 5?
2
Calculate -12 + 3 - (-11 + -7 + 16).
-7
(1 - 1) + 7 + -9
-2
What is 5 + 0 + 1 + 3 + -6?
3
Evaluate (-1 - (1 + -12)) + -15.
-5
What is the value of 3 - (7 + -4 - 1)?
1
What is (1 - 0) + -3 - 0?
-2
What is the value of (1 + 0 - (-28 + 30)) + -4?
-5
Evaluate 0 + (-9 + 4 - -1) - -4.
0
Evaluate -10 + 24 + 9 + -19.
4
What is 1 - (4 + 1 + -3 + 5)?
-6
Calculate 11 + (-7 + 4 - 6).
2
(3 + -8 + 0 - -2) + -2
-5
-1 + (-1 + 0 - (-1 - -3))
-4
What is the value of (-3 - 0) + -11 + 17?
3
What is the value of -6 + (3 - -8) + 5 + -8?
2
Evaluate (-1 - (-1 - -1)) + 6.
5
What is 7 - 2 - (-19 + 26)?
-2
Calculate (13 - 8 - 5) + 1.
1
Evaluate -5 - (-4 + 1 + -1) - 1.
-2
What is 3 + -6 + -4 - -6?
-1
4 + (5 - (1 - -4))
4
What is the value of 9 - 11 - (0 + -2 - -1)?
-1
What is the value of (-1 - (4 - (7 + -1))) + 1?
2
What is the value of -6 + (-3 - -4 - 2)?
-7
Calculate -2 - (-5 + 3 + 0 + 1).
-1
What is the value of -5 + 0 + 3 - 3?
-5
3 - (0 - (-5 + 0))
-2
(0 - 6) + (5 - -1)
0
What is 1 - (2 + -10 + 5)?
4
What is 7 + -10 - ((-8 - -1) + 4)?
0
What is the value of 13 + -7 + -7 - (-13 - -3)?
9
Evaluate 5 + -2 + -5 + 2 + -4.
-4
What is the value of -1 + -3 - (-14 - -10)?
0
Calculate (0 - (1 + -2)) + (5 - -1).
7
What is the value of 0 - ((-9 - (6 + -14)) + -5)?
6
Evaluate (-4 - 4) + 3 + 0.
-5
What is the value of 18 - 24 - (-2 - 0)?
-4
11 + -21 + (1 - -6)
-3
Calculate -2 - ((-2 - 0) + 1).
-1
Evaluate 4 + (-4 - -8 - 4).
4
What is the value of -9 + 10 + -7 + 6?
0
What is the value of (-4 - 0) + (5 - 10)?
-9
-2 + -6 + -1 + 4
-5
What is the value of 32 + -28 + (0 - 10)?
-6
What is the value of 1 + (-4 + -3 - -4) + -2?
-4
Calculate 19 - 5 - 15 - (-8 - 0).
7
What is the value of -27 + 22 + 1 + 8?
4
2 + 0 - (7 + -5)
0
Calculate 2 + (-5 - -2 - 3).
-4
Evaluate (-3 - 0) + 0 - (-6 + -1).
4
What is -8 + 0 + (9 - 3)?
-2
What is the value of 108 + -106 + 6 + (1 - 0)?
9
What is the value of -59 + 56 + 0 + -1?
-4
What is (26 + -11 - 6) + -9?
0
Evaluate -5 - (9 + -9) - (0 - 0).
-5
Evaluate 0 + -2 + (10 - 5) - 7.
-4
What is the value of -3 - ((-10 - -7) + 6 + -2)?
-4
What is the value of -1 + 4 - (5 - (-2 - -1))?
-3
-2 - (-1 - -5 - (45 + -36))
3
Calculate -3 + 0 - (-20 + 23).
-6
What is (0 - 0 - -3) + (-21 - -23)?
5
What is 3 + (6 - 1) - 9?
-1
Evaluate (0 + -1 + 9 - 4) + 0.
4
What is the value of -1 + (4 - -5) + -4?
4
Evaluate -6 + (14 - 5) - (7 + 1).
-5
Evaluate (-2 + -1 - 5) + 3 - -1.
-4
Calculate 1 + (2 + -2 - 2) - 4.
-5
-4 - ((-6 + -1 - -6) + -1)
-2
Calculate 2 + -1 - (-9 + 11) - -3.
2
Evaluate 3 + 10 + -9 + 3.
7
What is 7 + 7 + -3 + -8 + 0?
3
What is the value of 31 - 34 - (-4 + 0)?
1
What is 15 + -1 + 8 + (-16 - 0)?
6
What is 1 + 0 + 2 - 1?
2
-90 + 93 - (-1 + -2)
6
Calculate -1 + -1 - (1 + 0).
-3
What is the value of 6 + -3 + 2 + -5?
0
(3 - (0 + -10 + 3)) + -4
6
What is (-5 + 0 - -5) + 1?
1
What is the value of -3 - -5 - 0 - -5?
7
What is 4 - (-6 - (-1 + -4))?
5
Calculate 1 + -6 + 1 + 5.
1
0 + -1 + (-32 - -40)
7
5 - (1 - (-10 - -4))
-2
Evaluate -2 - (1 + -9 + (-49 - -53)).
2
What is the value of 3 - (0 - (4 - 1 - 9))?
-3
What is -1 - 1 - (8 - (-1 - -10))?
-1
Evaluate (-14 - -9) + (-4 - (-3 - -2)).
-8
What is 9 + -3 + -12 + 6?
0
What is the value of -1 + 1 + -5 + 2 + -1?
-4
Evaluate -5 - (-1 - (2 - (1 + -1))).
-2
Evaluate -1 + 3 - -3 - -1.
6
Evaluate 11 + (1 + -6 + 1 - 1).
6
Evaluate (0 - (0 - 2)) + -1 + -3.
-2
Evaluate ((3 - 0) + -5 - -11) + -2.
7
What is the value of (-1 - -7) + -9 + 2?
-1
Calculate -6 + 3 + 1 - 4.
-6
2 + 2 + (0 - 1)
3
Evaluate 4 + (7 + -22 - -7).
-4
(-1 - (-14 + 8)) + -5
0
4 - (8 + 1) - -11
6
Calculate 1 + 2 - (-25 - -27).
1
-5 + (1 - 2 - -2) + 1
-3
3 + (4 - 3) - (5 + -7)
6
Evaluate -5 + (-1 - -13 - 2).
5
What is (0 + -1 - 3) + (-17 - -14)?
-7
Calculate (-2 - -1) + 1 + -4 + 2.
-2
Calculate 8 + -3 - (-4 + 10 + 4).
-5
What is the value of 25 + -25 + (2 - -2 - 0)?
4
What is 0 - -5 - (-2 + 6)?
1
Evaluate 3 + 2 + -2 - (9 - 5).
-1
Calculate (-6 - (-3 - (-1 - 0))) + 8.
4
4 + -2 + (1 - 6 - -3)
0
Evaluate 0 + 1 + 4 + (-6 - 2).
-3
Calculate 0 + 0 - (-23 - -21).
2
What is -5 + 7 + 2 + -5 - 2?
-3
Evaluate -4 + 1 + -1 + 1.
-3
(-6 - 8) + 6 + 3
-5
What is (0 - 0) + (8 - 21 - -6)?
-7
Evaluate 3 - ((-5 - -21) + -13).
0
What is the value of -4 - (-3 + 0 - (1 - 2))?
-2
Evaluate -2 + 0 + -6 + 10 + -2.
0
Evaluate 1 + 7 - (26 - 14).
-4
Calculate -4 - (-4 + (2 - 1)).
-1
(2 + 4 - 1) + -5
0
-3 + 6 + (-7 - (-5 + 1))
0
Evaluate -12 - -1 - (230 + -234).
-7
-5 + (2 - -1 - 1) + 1
-2
What is the value of (-1 + 0 - -6) + 206 + -207?
4
Evaluate 0 - 3 - (-12 - (9 + -12)).
6
Evaluate 6 - (0 + 1 - (3 - 4)).
4
What is -4 + 8 + -3 - -1?
2
What is the value of 4 - -6 - 11 - 8?
-9
What is the value of -3 + 1 + (-25 - -24)?
-3
Evaluate 9 + (1 - 7) + (-3 - -8).
8
(9 - 5 - -4) + -2
6
Calculate -1 + (0 - 10) + (2 - -3).
-6
What is -4 - (-2 + (2 - 4) + 0)?
0
What is the value of -2 + 1 + (0 + -3 - 0)?
-4
Evaluate 5 - ((-5 - 6) + 10).
6
1 + (0 - (-8 - -12))
-3
3 - (-4 + 7) - (-6 - -2)
4
(-7 - -21) + 0 + -8
6
What is the value of 0 + 4 + (-1 - (0 + 2))?
1
What is the value of -2 + 6 - ((7 - 9) + 10)?
-4
Calculate 7 + (-5 - 2) + -4.
-4
-3 + (11 - 0 - 4)
4
3 + -2 + 1 + (2 - 3)
1
Calculate 3 + (10 - 11) - -9.
11
0 + 3 - (-1 + 8) - -2
-2
What is -10 + 14 - (-1 + 2)?
3
Evaluate (-10 - -5) + 7 - 4.
-2
What is (7 - (8 - 2)) + 5 + -1?
5
What is the value of (19 - 17) + (-4 - -4)?
2
What is the value of -4 - (-17 - -4) - 5?
4
Evaluate (-5 - 1) + 0 + 8.
2
Calculate -4 + -1 + (5 - (-4 - -3)).
1
Calculate (9 - (6 - -1)) + (-1 - 1).
0
Evaluate -2 + 1 + 12 + -8.
3
What is 3 + (0 + 4 - 5)?
2
-1 + 0 + 2 - (11 + -9)
-1
What is (4 - 3) + 0 + -10?
-9
What is 1 - (2 + -3 + 8)?
-6
Evaluate (4 - 4 - (8 - 1)) + 2.
-5
What is -11 + 0 + 16 + -7?
-2
5 + (9 + -6 + 0 - 11)
-3
Calculate (395 - 403) + (3 - (0 - 0)).
-5
-2 - ((3 - 12) + -1 + 2)
6
6 - 4 - (3 - (7 - 1))
5
(9 - 17) + -2 + 8
-2
What is the value of 3 - (7 - (-6 + 6)) - -5?
1
What is the value of -1 + 1 + (-4 - -4) - 4?
-4
What is the value of (22 - 23) + (8 - 2)?
5
1 - (1 + -2